 3, 13, 401
What are the prime factors of 144437?
43, 3359
What are the prime factors of 184918?
2, 92459
What are the prime factors of 708196?
2, 47, 3767
List the prime factors of 874426.
2, 7, 62459
What are the prime factors of 536496?
2, 3, 11177
List the prime factors of 362771.
281, 1291
List the prime factors of 5183712.
2, 3, 41, 439
List the prime factors of 377006.
2, 7, 3847
What are the prime factors of 23006238?
2, 3, 389, 9857
What are the prime factors of 1672779?
3, 19, 29347
What are the prime factors of 74832?
2, 3, 1559
List the prime factors of 8747643.
3, 263, 11087
What are the prime factors of 2115609?
3, 23, 30661
What are the prime factors of 31391587?
31391587
What are the prime factors of 916637?
41, 79, 283
List the prime factors of 7647416.
2, 7, 17, 29, 277
What are the prime factors of 1532826?
2, 3, 31, 41, 67
List the prime factors of 1545323.
13, 29, 4099
List the prime factors of 1394450.
2, 5, 167
What are the prime factors of 11761836?
2, 3, 19, 79, 653
What are the prime factors of 22643358?
2, 3, 3773893
List the prime factors of 231348.
2, 3, 13, 1483
What are the prime factors of 30255612?
2, 3, 1091, 2311
List the prime factors of 311664.
2, 3, 43, 151
What are the prime factors of 2908322?
2, 53, 27437
What are the prime factors of 15870768?
2, 3, 330641
What are the prime factors of 1033974?
2, 3, 17, 31, 109
List the prime factors of 23661.
3, 11, 239
List the prime factors of 9410193.
3, 13, 80429
List the prime factors of 177188.
2, 11, 4027
List the prime factors of 7131635.
5, 7, 203761
What are the prime factors of 17020187?
29, 586903
List the prime factors of 12418515.
3, 5, 3407
List the prime factors of 7440712.
2, 930089
What are the prime factors of 3026407?
1621, 1867
What are the prime factors of 11171858?
2, 113, 49433
What are the prime factors of 144086?
2, 72043
What are the prime factors of 22757796?
2, 3, 443, 1427
What are the prime factors of 324307?
29, 53, 211
List the prime factors of 679733.
679733
What are the prime factors of 58321?
58321
What are the prime factors of 179902?
2, 293, 307
List the prime factors of 15430793.
7, 19, 181, 641
List the prime factors of 39113.
39113
List the prime factors of 39689.
13, 43, 71
List the prime factors of 20723.
17, 23, 53
List the prime factors of 1163735.
5, 17, 13691
List the prime factors of 100875.
3, 5, 269
What are the prime factors of 213905?
5, 179, 239
List the prime factors of 3806.
2, 11, 173
List the prime factors of 528142.
2, 264071
What are the prime factors of 1131889?
11, 43, 2393
What are the prime factors of 37868547?
3, 12622849
What are the prime factors of 1604507?
409, 3923
List the prime factors of 3533610.
2, 3, 5, 117787
List the prime factors of 277383.
3, 92461
What are the prime factors of 2658623?
11, 101, 2393
What are the prime factors of 3594629?
19, 277, 683
List the prime factors of 5007751.
7, 102199
What are the prime factors of 116441?
13, 53
List the prime factors of 5468474.
2, 11, 59, 383
List the prime factors of 15383996.
2, 19, 71, 2851
List the prime factors of 3218486.
2, 19, 84697
What are the prime factors of 540444?
2, 3, 29, 1553
List the prime factors of 143218.
2, 101, 709
List the prime factors of 365451.
3, 61, 1997
What are the prime factors of 367252?
2, 91813
List the prime factors of 4498939.
4498939
What are the prime factors of 2903188?
2, 43, 16879
List the prime factors of 931225.
5, 193
What are the prime factors of 9302627?
9302627
List the prime factors of 6492218.
2, 3246109
List the prime factors of 22274122.
2, 13, 856697
What are the prime factors of 596508?
2, 3, 11, 4519
List the prime factors of 402356.
2, 17, 61, 97
List the prime factors of 2525987.
29, 87103
What are the prime factors of 499189?
499189
List the prime factors of 466773.
3, 19, 431
List the prime factors of 15948158.
2, 97, 82207
What are the prime factors of 1092893?
1092893
What are the prime factors of 276867?
3, 30763
What are the prime factors of 125865?
3, 5, 2797
List the prime factors of 2348246.
2, 29, 40487
List the prime factors of 5038026.
2, 3, 7, 119953
What are the prime factors of 84770?
2, 5, 7, 173
What are the prime factors of 901476?
2, 3, 17, 491
What are the prime factors of 525657?
3, 11, 17, 937
What are the prime factors of 3953988?
2, 3, 31, 1181
List the prime factors of 9428395.
5, 43, 43853
What are the prime factors of 2661616?
2, 166351
List the prime factors of 1090763.
109, 10007
List the prime factors of 1876012.
2, 173, 2711
What are the prime factors of 3825853?
3825853
List the prime factors of 1815578.
2, 79, 11491
List the prime factors of 15487792.
2, 79, 12253
List the prime factors of 23449538.
2, 7, 34183
List the prime factors of 386200.
2, 5, 1931
List the prime factors of 42326.
2, 21163
List the prime factors of 706164.
2, 3, 83, 709
What are the prime factors of 149012?
2, 37253
List the prime factors of 935572.
2, 11, 1933
List the prime factors of 173251.
13, 13327
What are the prime factors of 3324515?
5, 563, 1181
List the prime factors of 952738.
2, 476369
What are the prime factors of 3109076?
2, 777269
What are the prime factors of 13153084?
2, 7, 469753
List the prime factors of 4130319.
3, 1376773
List the prime factors of 13426029.
3, 71, 21011
List the prime factors of 25480148.
2, 6370037
What are the prime factors of 77268?
2, 3, 47, 137
List the prime factors of 270755.
5, 54151
List the prime factors of 18896237.
18896237
List the prime factors of 12261780.
2, 3, 5, 29
List the prime factors of 1058588.
2, 31, 8537
List the prime factors of 3380033.
3380033
What are the prime factors of 25240?
2, 5, 631
What are the prime factors of 736603?
7, 105229
List the prime factors of 10542195.
3, 5, 234271
What are the prime factors of 1973097?
3, 7, 31319
What are the prime factors of 21646?
2, 79, 137
What are the prime factors of 1969965?
3, 5, 43777
What are the prime factors of 17584?
2, 7, 157
What are the prime factors of 1525313?
29, 149, 353
What are the prime factors of 2080478?
2, 83, 151
List the prime factors of 776942.
2, 388471
What are the prime factors of 375966?
2, 3, 20887
What are the prime factors of 22010426?
2, 71, 155003
List the prime factors of 1823225.
5, 233, 313
What are the prime factors of 580303?
580303
What are the prime factors of 246076?
2, 61519
What are the prime factors of 863907?
3, 11, 47, 557
What are the prime factors of 380357?
41, 9277
List the prime factors of 13244676.
2, 3, 1103723
What are the prime factors of 2949784?
2, 73, 5051
List the prime factors of 343788.
2, 3, 28649
What are the prime factors of 13199401?
23, 573887
What are the prime factors of 700569?
3, 31
What are the prime factors of 1732265?
5, 346453
What are the prime factors of 14408073?
3, 1600897
List the prime factors of 1372363.
1372363
What are the prime factors of 640484?
2, 13, 109, 113
What are the prime factors of 8811149?
211, 41759
What are the prime factors of 210373?
71, 2963
What are the prime factors of 542945?
5, 13, 8353
List the prime factors of 4022885.
5, 804577
List the prime factors of 2292015.
3, 5, 11, 29, 479
List the prime factors of 189084.
2, 3, 7, 2251
List the prime factors of 153333.
3, 631
What are the prime factors of 2961767?
127, 23321
What are the prime factors of 172802?
2, 7, 12343
List the prime factors of 301948.
2, 19, 29, 137
What are the prime factors of 20653774?
2, 47, 219721
What are the prime factors of 2816925?
3, 5, 23, 71
List the prime factors of 4984205.
5, 996841
What are the prime factors of 2679547?
13, 31, 61, 109
List the prime factors of 323662.
2, 161831
What are the prime factors of 2351679?
3, 11, 71263
List the prime factors of 770301.
3, 7, 12227
List the prime factors of 5940681.
3, 1980227
List the prime factors of 133827.
3, 31, 1439
List the prime factors of 2391568.
2, 19, 7867
What are the prime factors of 932133?
3, 310711
What are the prime factors of 1132913?
19, 59627
What are the prime factors of 239071?
7, 17, 41
List the prime factors of 185917.
185917
What are the prime factors of 313481?
7, 19, 2357
List the prime factors of 2889730.
2, 5, 288973
List the prime factors of 218903.
457, 479
What are the prime factors of 425126?
2, 13, 83, 197
